{"id":4429,"date":"2023-04-28T11:49:42","date_gmt":"2023-04-28T16:49:42","guid":{"rendered":"https:\/\/jmc.pe\/pasajeros\/?page_id=4429"},"modified":"2023-04-28T11:49:42","modified_gmt":"2023-04-28T16:49:42","slug":"terminos-y-condiciones","status":"publish","type":"page","link":"https:\/\/jmc.pe\/pasajeros\/terminos-y-condiciones\/","title":{"rendered":"T\u00e9rminos y condiciones"},"content":{"rendered":"<p>Los datos personales que nos facilite ser\u00e1n incorporados a nuestra Base de Datos \u201cClientes y Contactos\u201d (Registro N\u00b0 17838) de titularidad de la empresa Maquinaria Nacional S.A. Per\u00fa, con domicilio en Av. Crist\u00f3bal de Peralta Norte N\u00b0 968, Santiago de Surco, Lima, cuyo encargado es nuestro Ejecutivo de Marketing Digital y CRM, debidamente registrada de acuerdo a la Ley N\u00b0 29733, Ley de Protecci\u00f3n de Datos Personales, con la finalidad de gestionar su solicitud de cotizaci\u00f3n para la realizaci\u00f3n de una futura compra de veh\u00edculo, si as\u00ed lo desease.<\/p>\n<p>Para dicho efecto los datos se almacenar\u00e1n, recopilar\u00e1n, registrar\u00e1n, organizar\u00e1n, conservar\u00e1n, usar\u00e1n y transferir\u00e1n a nivel nacional (Concesionarios Autorizados de la Red &#8211;\u00a0<a class=\"text-red\" href=\"https:\/\/jmc.pe\/pasajeros\/red-de-atencion\/\">http:\/\/jmc.pe\/red-jmc\/<\/a>), SUM S.A.C. e internacional (Motor Mundo S.A. contrata su infraestructura virtual seg\u00fan un modelo de \u201ccomputaci\u00f3n en nube\u201d a trav\u00e9s de un servidor web, el cual se encuentra ubicado en la ciudad de Provo (Utah \u2013 USA), todo lo cual es necesario a fin de generar la cotizaci\u00f3n solicitada para la realizaci\u00f3n de una futura compra de veh\u00edculo, si as\u00ed lo desease.<\/p>\n<p>Adicionalmente, en cumplimiento de la Ley N\u00b0 29571, C\u00f3digo de Protecci\u00f3n y Defensa del Consumidor, y de la Ley N\u00b0 29733, Ley de Protecci\u00f3n de Datos Personales, Ud. autoriza a las empresas del Grupo Gildemeister Per\u00fa, salvo marque la casilla ubicada al t\u00e9rmino de este p\u00e1rrafo, de manera previa, expresa, inequ\u00edvoca, libre, informada, por el plazo de diez a\u00f1os luego de registrados sus datos, a tratar sus datos personales para el env\u00edo de cualquier tipo de informaci\u00f3n, incluyendo la referida a promociones, comunicaciones comerciales de sus productos, servicios y cualquier otra de su inter\u00e9s; as\u00ed como para la realizaci\u00f3n estudios de mercado sobre los productos o servicios de la marca JMC, a trav\u00e9s de comunicaciones a su domicilio, correo electr\u00f3nico, mensaje de texto, whatsapp, llamadas telef\u00f3nicas o cualquier otro medio de difusi\u00f3n; as\u00ed como a transferir sus datos a nivel nacional (Concesionarios Autorizados de la Red &#8211;\u00a0<a class=\"text-red\" href=\"https:\/\/jmc.pe\/pasajeros\/red-de-atencion\/\">http:\/\/jmc.pe\/red-jmc\/<\/a>), SUM S.A.C. e internacional a Automotores Gildemeister S.A. (Chile), LTD (Beijing &#8211; China), Facebook y Google (Atlanta &#8211; USA), Ingenier\u00eda de Software Fidelizador y Compa\u00f1\u00eda Limitada, (Santiago de Chile &#8211; Chile), para los fines indicados en este p\u00e1rrafo.<\/p>\n","protected":false},"excerpt":{"rendered":"<p>Los datos personales que nos facilite ser\u00e1n incorporados a nuestra Base de Datos \u201cClientes y Contactos\u201d (Registro N\u00b0 17838) de titularidad de la empresa Maquinaria Nacional S.A. Per\u00fa, con domicilio en Av. Crist\u00f3bal de Peralta Norte N\u00b0 968, Santiago de Surco, Lima, cuyo encargado es nuestro Ejecutivo de Marketing Digital y CRM, debidamente registrada de [&hellip;]<\/p>\n","protected":false},"author":2,"featured_media":0,"parent":0,"menu_order":16,"comment_status":"closed","ping_status":"closed","template":"page-templates\/terminos-condiciones.php","meta":{"_acf_changed":false,"inline_featured_image":false,"footnotes":""},"class_list":["post-4429","page","type-page","status-publish","hentry"],"acf":[],"yoast_head":"<!-- This site is optimized with the Yoast SEO Premium plugin v20.6 (Yoast SEO v26.2) - https:\/\/yoast.com\/wordpress\/plugins\/seo\/ -->\n<title>T\u00e9rminos y condiciones | JMC Per\u00fa<\/title>\n<meta name=\"robots\" content=\"index, follow, max-snippet:-1, max-image-preview:large, max-video-preview:-1\" \/>\n<link rel=\"canonical\" href=\"https:\/\/jmc.pe\/pasajeros\/terminos-y-condiciones\/\" \/>\n<meta property=\"og:locale\" content=\"es_ES\" \/>\n<meta property=\"og:type\" content=\"article\" \/>\n<meta property=\"og:title\" content=\"T\u00e9rminos y condiciones\" \/>\n<meta property=\"og:description\" content=\"Los datos personales que nos facilite ser\u00e1n incorporados a nuestra Base de Datos \u201cClientes y Contactos\u201d (Registro N\u00b0 17838) de titularidad de la empresa Maquinaria Nacional S.A. Per\u00fa, con domicilio en Av. Crist\u00f3bal de Peralta Norte N\u00b0 968, Santiago de Surco, Lima, cuyo encargado es nuestro Ejecutivo de Marketing Digital y CRM, debidamente registrada de [&hellip;]\" \/>\n<meta property=\"og:url\" content=\"https:\/\/jmc.pe\/pasajeros\/terminos-y-condiciones\/\" \/>\n<meta property=\"og:site_name\" content=\"JMC Per\u00fa\" \/>\n<meta property=\"article:publisher\" content=\"https:\/\/www.facebook.com\/JMCPeruOficial\/\" \/>\n<meta property=\"og:image\" content=\"https:\/\/jmc.pe\/pasajeros\/wp-content\/uploads\/2023\/03\/logo_pasajeros.jpg\" \/>\n\t<meta property=\"og:image:width\" content=\"1200\" \/>\n\t<meta property=\"og:image:height\" content=\"675\" \/>\n\t<meta property=\"og:image:type\" content=\"image\/jpeg\" \/>\n<meta name=\"twitter:card\" content=\"summary_large_image\" \/>\n<meta name=\"twitter:label1\" content=\"Tiempo de lectura\" \/>\n\t<meta name=\"twitter:data1\" content=\"2 minutos\" \/>\n<!-- \/ Yoast SEO Premium plugin. -->","yoast_head_json":{"title":"T\u00e9rminos y condiciones | JMC Per\u00fa","robots":{"index":"index","follow":"follow","max-snippet":"max-snippet:-1","max-image-preview":"max-image-preview:large","max-video-preview":"max-video-preview:-1"},"canonical":"https:\/\/jmc.pe\/pasajeros\/terminos-y-condiciones\/","og_locale":"es_ES","og_type":"article","og_title":"T\u00e9rminos y condiciones","og_description":"Los datos personales que nos facilite ser\u00e1n incorporados a nuestra Base de Datos \u201cClientes y Contactos\u201d (Registro N\u00b0 17838) de titularidad de la empresa Maquinaria Nacional S.A. Per\u00fa, con domicilio en Av. Crist\u00f3bal de Peralta Norte N\u00b0 968, Santiago de Surco, Lima, cuyo encargado es nuestro Ejecutivo de Marketing Digital y CRM, debidamente registrada de [&hellip;]","og_url":"https:\/\/jmc.pe\/pasajeros\/terminos-y-condiciones\/","og_site_name":"JMC Per\u00fa","article_publisher":"https:\/\/www.facebook.com\/JMCPeruOficial\/","og_image":[{"width":1200,"height":675,"url":"https:\/\/jmc.pe\/pasajeros\/wp-content\/uploads\/2023\/03\/logo_pasajeros.jpg","type":"image\/jpeg"}],"twitter_card":"summary_large_image","twitter_misc":{"Tiempo de lectura":"2 minutos"},"schema":{"@context":"https:\/\/schema.org","@graph":[{"@type":"WebPage","@id":"https:\/\/jmc.pe\/pasajeros\/terminos-y-condiciones\/","url":"https:\/\/jmc.pe\/pasajeros\/terminos-y-condiciones\/","name":"T\u00e9rminos y condiciones | JMC Per\u00fa","isPartOf":{"@id":"https:\/\/jmc.pe\/pasajeros\/#website"},"datePublished":"2023-04-28T16:49:42+00:00","breadcrumb":{"@id":"https:\/\/jmc.pe\/pasajeros\/terminos-y-condiciones\/#breadcrumb"},"inLanguage":"es","potentialAction":[{"@type":"ReadAction","target":["https:\/\/jmc.pe\/pasajeros\/terminos-y-condiciones\/"]}]},{"@type":"BreadcrumbList","@id":"https:\/\/jmc.pe\/pasajeros\/terminos-y-condiciones\/#breadcrumb","itemListElement":[{"@type":"ListItem","position":1,"name":"Portada","item":"https:\/\/jmc.pe\/pasajeros\/"},{"@type":"ListItem","position":2,"name":"T\u00e9rminos y condiciones"}]},{"@type":"WebSite","@id":"https:\/\/jmc.pe\/pasajeros\/#website","url":"https:\/\/jmc.pe\/pasajeros\/","name":"JMC Per\u00fa | Pasajeros","description":"El mejor aliado para tu negocio de transporte.","potentialAction":[{"@type":"SearchAction","target":{"@type":"EntryPoint","urlTemplate":"https:\/\/jmc.pe\/pasajeros\/?s={search_term_string}"},"query-input":{"@type":"PropertyValueSpecification","valueRequired":true,"valueName":"search_term_string"}}],"inLanguage":"es"}]}},"_links":{"self":[{"href":"https:\/\/jmc.pe\/pasajeros\/wp-json\/wp\/v2\/pages\/4429","targetHints":{"allow":["GET"]}}],"collection":[{"href":"https:\/\/jmc.pe\/pasajeros\/wp-json\/wp\/v2\/pages"}],"about":[{"href":"https:\/\/jmc.pe\/pasajeros\/wp-json\/wp\/v2\/types\/page"}],"author":[{"embeddable":true,"href":"https:\/\/jmc.pe\/pasajeros\/wp-json\/wp\/v2\/users\/2"}],"replies":[{"embeddable":true,"href":"https:\/\/jmc.pe\/pasajeros\/wp-json\/wp\/v2\/comments?post=4429"}],"version-history":[{"count":1,"href":"https:\/\/jmc.pe\/pasajeros\/wp-json\/wp\/v2\/pages\/4429\/revisions"}],"predecessor-version":[{"id":4430,"href":"https:\/\/jmc.pe\/pasajeros\/wp-json\/wp\/v2\/pages\/4429\/revisions\/4430"}],"wp:attachment":[{"href":"https:\/\/jmc.pe\/pasajeros\/wp-json\/wp\/v2\/media?parent=4429"}],"curies":[{"name":"wp","href":"https:\/\/api.w.org\/{rel}","templated":true}]}}