{"id":13481,"date":"2026-01-22T16:08:14","date_gmt":"2026-01-22T21:08:14","guid":{"rendered":"https:\/\/jmc.pe\/pasajeros\/?page_id=13481"},"modified":"2026-01-27T09:28:58","modified_gmt":"2026-01-27T14:28:58","slug":"mantenimiento-prepagado-jmc-gildemeister","status":"publish","type":"page","link":"https:\/\/jmc.pe\/pasajeros\/mantenimiento-prepagado-jmc-gildemeister\/","title":{"rendered":"MANTENIMIENTO PREPAGADO JMC GILDEMEISTER"},"content":{"rendered":"\n<div class=\"legal-more-box section-content-legal\">\n\n  <!-- &#x2705; TITULO PRINCIPAL -->\n  <h2 class=\"legal-main-title\">MANTENIMIENTO PREPAGADOS GILDEMEISTER &#8211; JMC<\/h2>\n\n  <!-- &#x2705; SUBTITULO -->\n  <h3 class=\"font-title-gildemeister\">ACEPTACI\u00d3N DE CONDICIONES<\/h3>\n\n  <!-- &#x2705; LISTA A - D -->\n  <ol class=\"legal-ol\" style=\"list-style-type: upper-alpha !important;\">\n    <li class=\"legal-li\">\n      El Plan de Mantenimientos Prepagado cubre todos los mantenimientos preventivos contratados, que han sido requeridos por la marca, los cuales se detallan en el Manual del Usuario y en el plan de mantenimientos de su veh\u00edculo. Este servicio permite cumplir de forma regular con los mantenimientos necesarios requeridos para mantener la garant\u00eda de f\u00e1brica de su veh\u00edculo vigente, as\u00ed como tambi\u00e9n para mantenerlo en \u00f3ptimas condiciones de funcionamiento, protegiendo su inversi\u00f3n. El plan de mantenimiento prepagado no incluye las piezas de desgaste y\/o el mal uso que el cliente le d\u00e9 al veh\u00edculo, por ejemplo, embrague, pastillas de freno, discos de freno, alineaci\u00f3n y balanceo, entre otros (la mencionada lista no es taxativa); de encontrarse en este escenario, el concesionario que ejecute el servicio de mantenimiento proceder\u00e1 a emitir una cotizaci\u00f3n con costo para ser evaluada y aprobada por el cliente.\n    <\/li>\n\n    <li class=\"legal-li\">\n      El Plan de Mantenimiento contiene beneficios que son otorgados como cortes\u00eda y como un adicional a los servicios contratados inicialmente. Los mismos se encuentran detallados en el plan de mantenimiento prepagado y \u00fanicamente son otorgados en el caso se cumpla correctamente con el plan de mantenimiento contratado.\n    <\/li>\n\n    <li class=\"legal-li\">\n      La contrataci\u00f3n de este plan de servicio no constituye una extensi\u00f3n o modificaci\u00f3n de los t\u00e9rminos y condiciones establecidas en el pasaporte de servicio para la garant\u00eda de f\u00e1brica. Por ende, la no realizaci\u00f3n de los mantenimientos preventivos en las oportunidades establecidas en dicho documento es causal de p\u00e9rdida de garant\u00eda, aun cuando en virtud de lo dispuesto en este contrato se realicen con posterioridad.\n    <\/li>\n\n    <li class=\"legal-li\">\n      Los mantenimientos deben realizarse con: (i) la periodicidad de kil\u00f3metros indicados en el Manual del Usuario y en el pasaporte de servicios; y que se indican en el primer recuadro del presente documento, no debiendo ser estas realizadas cuando el kilometraje sea menor o superior a 500 kil\u00f3metros del Mantenimiento preventivo que pretende realizarse. A modo de ejemplo, si se desea realizar el Mantenimiento preventivo de 10.000 kil\u00f3metros, el cliente podr\u00e1 realizarla mientras el kilometraje de su veh\u00edculo se encuentre entre los 9.500 y 10.500 kil\u00f3metros; o (ii) dentro de los plazos estipulados que se indican a continuaci\u00f3n, no podr\u00e1n ser realizados cuando el plazo se exceda en un mes. Es importante se\u00f1alar que el plan de mantenimientos preventivos puede ser adquirido al momento de la compra del veh\u00edculo o hasta los 5,000 km, existiendo 9 paquetes de mantenimientos conformados por 02, 03, 04, 05, 06, 07, 08, 09 y 10 mantenimientos preventivos.\n    <\/li>\n  <\/ol>\n\n  <!-- &#x2705; EJEMPLOS -->\n  <h3 class=\"legal-title\">EJEMPLOS:<\/h3>\n\n  <ol class=\"legal-ol\" style=\"list-style-type: lower-alpha !important;\">\n    <li class=\"legal-li\">\n      En el caso de los 2 primeros mantenimientos prepagados de un cliente que adquiri\u00f3 este plan:\n      <ol class=\"legal-ol\" style=\"list-style-type: upper-roman !important; margin-top: 10px;\">\n        <li class=\"legal-li\">\n          El primer mantenimiento se realizar\u00e1 a los 5.000 km, o cumplidos 6 meses a contar de la fecha de entrega del veh\u00edculo, lo que primero ocurra.\n        <\/li>\n        <li class=\"legal-li\">\n          El segundo mantenimiento se realizar\u00e1 a los 10.000 km, o cumplidos 12 meses a contar de la fecha de entrega del veh\u00edculo, lo que primero ocurra.\n        <\/li>\n      <\/ol>\n    <\/li>\n\n    <li class=\"legal-li\">\n      En el caso de los 3 primeros mantenimientos prepagados de un cliente que adquiri\u00f3 este plan antes de la entrega del veh\u00edculo:\n      <ol class=\"legal-ol\" style=\"list-style-type: upper-roman !important; margin-top: 10px;\">\n        <li class=\"legal-li\">\n          El primer mantenimiento se realizar\u00e1 a los 5.000 km, o cumplidos 6 meses a contar de la fecha de entrega del veh\u00edculo, lo que primero ocurra.\n        <\/li>\n        <li class=\"legal-li\">\n          El segundo mantenimiento se realizar\u00e1 a los 10.000 km, o cumplidos 12 meses a contar de la fecha de entrega del veh\u00edculo, lo que primero ocurra.\n        <\/li>\n        <li class=\"legal-li\">\n          El tercer mantenimiento se realizar\u00e1 a los 15.000 km, o cumplidos 18 meses a contar de la fecha de entrega del veh\u00edculo, lo que primero ocurra.\n        <\/li>\n      <\/ol>\n    <\/li>\n  <\/ol>\n\n  <!-- &#x2705; E -->\n  <ol class=\"legal-ol\" start=\"5\" style=\"list-style-type: upper-alpha !important; margin-top: 20px;\">\n    <li class=\"legal-li\">\n      El Cliente reconoce que en el caso de que no utilice los servicios detallados antes de la fecha de caducidad o kilometraje antes se\u00f1alado, resultar\u00e1 en la p\u00e9rdida del servicio y\/o mantenimiento espec\u00edfico y por tanto el Concesionario Autorizado, no est\u00e1 en la obligaci\u00f3n de la realizaci\u00f3n del respectivo mantenimiento ni el reembolso de los montos prepagados.\n    <\/li>\n\n    <!-- &#x2705; F -->\n    <li class=\"legal-li\">\n      Plan de mantenimiento por MARCA\n\n      <p class=\"legal-text\" style=\"margin-top: 10px;\">\n        <strong>Plan de mantenimiento prepagado para la marca JMC<\/strong>\n      <\/p>\n\n      <!-- &#x2705; IMAGEN -->\n      <img decoding=\"async\" class=\"legal-img\" src=\"https:\/\/jmc.pe\/pasajeros\/wp-content\/uploads\/2026\/01\/jmc-table.png\" width=\"100%\" alt=\"Plan de mantenimiento prepagado JMC\">\n\n      <p class=\"legal-text\">\n        Adicionalmente el programa de mantenimiento preventivo regular para la marca se considera la incorporaci\u00f3n del aditivo i3000+ en cada servicio de acuerdo al plan adquirido y tambi\u00e9n el servicio de aplicaci\u00f3n de Airlife en cada mantenimiento: quiere decir como ejemplo que si el cliente adquiri\u00f3 el plan de 5,000KM hasta 20,000KM se adicionar\u00e1 el aditivo i3000+ y la purificaci\u00f3n de Airlife en el mantenimiento de 5,000; 10,000; 15,000 y 20,000 KM.\n      <\/p>\n\n      <p class=\"legal-text\">\n        Dentro de la rutina de inspecci\u00f3n se har\u00e1 una breve verificaci\u00f3n de los siguientes puntos:\n      <\/p>\n\n      <ul class=\"legal-ul\">\n        <li class=\"legal-ul-li\">Verificaci\u00f3n de c\u00f3digos de falla con el esc\u00e1ner de la marca.<\/li>\n        <li class=\"legal-ul-li\">Nivel de fluidos (refrigerante, limpia parabrisas, l\u00edquido de frenos y caja).<\/li>\n        <li class=\"legal-ul-li\">Fugas de fluidos (inspecci\u00f3n visual).<\/li>\n        <li class=\"legal-ul-li\">Verificaci\u00f3n de la saturaci\u00f3n del filtro de polen.<\/li>\n        <li class=\"legal-ul-li\">\n          Verificaci\u00f3n del sistema el\u00e9ctrico (luces delanteras y traseras, direccionales, elevalunas, claxon, radio y tablero).\n        <\/li>\n      <\/ul>\n\n      <p class=\"legal-text\">\n        De encontrar alg\u00fan desperfecto en estos puntos inspeccionados, se evaluar\u00e1 si el caso corresponde a una garant\u00eda de producto, de lo contrario su asesor de servicio le presentar\u00e1 la cotizaci\u00f3n formal por la reparaci\u00f3n.\n      <\/p>\n    <\/li>\n  <\/ol>\n\n  <!-- &#x2705; EXCLUSIONES -->\n  <h3 class=\"legal-title\">SE EXCLUYE EXPRESAMENTE DE LA COBERTURA DE MANTENIMIENTOS PREPAGADOS LO SIGUIENTE:<\/h3>\n\n  <p class=\"legal-text\">\n    El da\u00f1o o p\u00e9rdida incidental o consecuencial causado por la aver\u00eda de los componentes (o no) incluyendo da\u00f1os a la propiedad, lesiones personales, p\u00e9rdida de uso del veh\u00edculo, robos, perdidas comerciales y\/o da\u00f1o moral.\n  <\/p>\n\n  <!-- &#x2705; DETALLE COBERTURAS -->\n  <h3 class=\"legal-title\">DETALLE COBERTURAS<\/h3>\n\n  <p class=\"legal-text\">\n    Todas las condiciones se refieren s\u00f3lo al veh\u00edculo cubierto plenamente determinado en la contrataci\u00f3n de servicio y, por tanto, carecer\u00e1 de toda validez, si desde un comienzo no se indica simult\u00e1neamente y en todos los ejemplares de la contrataci\u00f3n de servicio: placa, marca, modelo, a\u00f1o, kilometraje y dem\u00e1s datos requeridos, que identifiquen plenamente el veh\u00edculo amparado.\n  <\/p>\n\n  <p class=\"legal-text\">\n    En caso de presentarse inconsistencias en la informaci\u00f3n relacionada con la identificaci\u00f3n del veh\u00edculo consignada en la contrataci\u00f3n de servicio, no habr\u00e1 lugar a la prestaci\u00f3n del servicio Plan de Mantenimiento Prepagado.\n  <\/p>\n\n  <p class=\"legal-text\">\n    El presente Plan de Mantenimiento Prepagado puede ser transferido si es que la unidad es transferida a un tercero. Tener en cuenta que no puede ser asignado a otra unidad vehicular.\n  <\/p>\n\n  <p class=\"legal-text\">\n    Este plan tiene cobertura a nivel nacional, quiere decir que todo veh\u00edculo con la compra del mantenimiento prepagado puede atenderse a nivel nacional en toda la red autorizada para las marcas Hyundai, Geely y JMC.\n  <\/p>\n\n  <p class=\"legal-text\">\n    El producto aditivo i3000+ se ha agregado al plan de mantenimiento prepagados desde Octubre 2025, quiere decir que todo cliente que adquiera Kit Control, Geely+ o JMC Check a partir del 01 de octubre del 2025 ya contar\u00e1 en sus futuros mantenimientos la aplicaci\u00f3n del i3000+. Todos los clientes que hayan adquirido antes el plan, no est\u00e1n sujetos a este beneficio.\n  <\/p>\n\n  <p class=\"legal-text\">\n    El producto Airlife se ha agregado al plan de mantenimiento prepagado desde febrero 2026, quiere decir que todo cliente que adquiera Kit Control, Geely+ o JMC Check a partir del 01 de febrero del 2026 ya contar\u00e1 en sus futuros mantenimientos la aplicaci\u00f3n de la purificaci\u00f3n de cabina. Todos los clientes que hayan adquirido antes el plan, no est\u00e1n sujetos a este beneficio.\n  <\/p>\n\n<\/div>\n\n<style>\n  \/* &#x2705; TITULO PRINCIPAL *\/\n  .legal-main-title{\n    color: #000 !important;\n    font-weight: 700 !important;\n    text-align: center !important;\n    font-size: 32px !important;\n    margin-top: 20px !important;\n    margin-bottom: 40px !important;\n  }\n\n@media(max-width: 768px) {\n.legal-main-title {\nfont-size: 24px !important;\n}\n.inter-white{\npadding-top: 100px !important;\n}\n}\n\n  \/* &#x2705; SUBTITULO PRINCIPAL *\/\n  .font-title-gildemeister{\n    color: #000 !important;\n    font-weight: 700 !important;\n    font-size: 20px !important;\n    margin-top: 24px !important;\n    margin-bottom: 14px !important;\n    text-align: left !important;\n  }\n\n  \/* &#x2705; TITULOS INTERNOS (EJEMPLOS, EXCLUSIONES, DETALLE...) *\/\n  .legal-title{\n    color: #000 !important;\n    font-weight: 700 !important;\n    font-size: 24px !important;\n    margin-top: 18px !important;\n    margin-bottom: 12px !important;\n  }\n@media(max-width: 768px) {\n  .legal-title{ \nfont-size: 20px !important;\n}\n.font-title-gildemeister {\nfont-size: 20px !important;\n}\n}\n\n  \/* &#x2705; LETRAS A, B, C... y ROMANOS *\/\n  .legal-ol,\n  .legal-li,\n  .legal-ol li::marker{\n    color: #000 !important;\n  }\n<\/style>\n<style>\n  .legal-ul{\n    list-style: disc !important;\n    padding-left: 22px !important;\n    margin-top: 10px !important;\n    margin-bottom: 10px !important;\n  }\n\n  .legal-ul-li{\n    margin-bottom: 6px !important;\n  }\n.legal-more-box img {\n    margin-top: 30px;\n    margin-bottom: 30px;\n}\n<\/style>\n","protected":false},"excerpt":{"rendered":"<p>MANTENIMIENTO PREPAGADOS GILDEMEISTER &#8211; JMC ACEPTACI\u00d3N DE CONDICIONES El Plan de Mantenimientos Prepagado cubre todos los mantenimientos preventivos contratados, que han sido requeridos por la marca, los cuales se detallan en el Manual del Usuario y en el plan de mantenimientos de su veh\u00edculo. Este servicio permite cumplir de forma regular con los mantenimientos necesarios [&hellip;]<\/p>\n","protected":false},"author":11,"featured_media":0,"parent":0,"menu_order":5,"comment_status":"closed","ping_status":"closed","template":"page-templates\/politicas-privacidad.php","meta":{"_acf_changed":false,"inline_featured_image":false,"footnotes":""},"class_list":["post-13481","page","type-page","status-publish","hentry"],"acf":[],"yoast_head":"<!-- This site is optimized with the Yoast SEO Premium plugin v20.6 (Yoast SEO v26.2) - https:\/\/yoast.com\/wordpress\/plugins\/seo\/ -->\n<title>MANTENIMIENTO PREPAGADO JMC GILDEMEISTER | JMC Per\u00fa<\/title>\n<meta name=\"robots\" content=\"index, follow, max-snippet:-1, max-image-preview:large, max-video-preview:-1\" \/>\n<link rel=\"canonical\" href=\"https:\/\/jmc.pe\/pasajeros\/mantenimiento-prepagado-jmc-gildemeister\/\" \/>\n<meta property=\"og:locale\" content=\"es_ES\" \/>\n<meta property=\"og:type\" content=\"article\" \/>\n<meta property=\"og:title\" content=\"MANTENIMIENTO PREPAGADO JMC GILDEMEISTER\" \/>\n<meta property=\"og:description\" content=\"MANTENIMIENTO PREPAGADOS GILDEMEISTER &#8211; JMC ACEPTACI\u00d3N DE CONDICIONES El Plan de Mantenimientos Prepagado cubre todos los mantenimientos preventivos contratados, que han sido requeridos por la marca, los cuales se detallan en el Manual del Usuario y en el plan de mantenimientos de su veh\u00edculo. Este servicio permite cumplir de forma regular con los mantenimientos necesarios [&hellip;]\" \/>\n<meta property=\"og:url\" content=\"https:\/\/jmc.pe\/pasajeros\/mantenimiento-prepagado-jmc-gildemeister\/\" \/>\n<meta property=\"og:site_name\" content=\"JMC Per\u00fa\" \/>\n<meta property=\"article:publisher\" content=\"https:\/\/www.facebook.com\/JMCPeruOficial\/\" \/>\n<meta property=\"article:modified_time\" content=\"2026-01-27T14:28:58+00:00\" \/>\n<meta property=\"og:image\" content=\"https:\/\/jmc.pe\/pasajeros\/wp-content\/uploads\/2026\/01\/jmc-table.png\" \/>\n<meta name=\"twitter:card\" content=\"summary_large_image\" \/>\n<meta name=\"twitter:label1\" content=\"Tiempo de lectura\" \/>\n\t<meta name=\"twitter:data1\" content=\"6 minutos\" \/>\n<!-- \/ Yoast SEO Premium plugin. -->","yoast_head_json":{"title":"MANTENIMIENTO PREPAGADO JMC GILDEMEISTER | JMC Per\u00fa","robots":{"index":"index","follow":"follow","max-snippet":"max-snippet:-1","max-image-preview":"max-image-preview:large","max-video-preview":"max-video-preview:-1"},"canonical":"https:\/\/jmc.pe\/pasajeros\/mantenimiento-prepagado-jmc-gildemeister\/","og_locale":"es_ES","og_type":"article","og_title":"MANTENIMIENTO PREPAGADO JMC GILDEMEISTER","og_description":"MANTENIMIENTO PREPAGADOS GILDEMEISTER &#8211; JMC ACEPTACI\u00d3N DE CONDICIONES El Plan de Mantenimientos Prepagado cubre todos los mantenimientos preventivos contratados, que han sido requeridos por la marca, los cuales se detallan en el Manual del Usuario y en el plan de mantenimientos de su veh\u00edculo. Este servicio permite cumplir de forma regular con los mantenimientos necesarios [&hellip;]","og_url":"https:\/\/jmc.pe\/pasajeros\/mantenimiento-prepagado-jmc-gildemeister\/","og_site_name":"JMC Per\u00fa","article_publisher":"https:\/\/www.facebook.com\/JMCPeruOficial\/","article_modified_time":"2026-01-27T14:28:58+00:00","og_image":[{"url":"https:\/\/jmc.pe\/pasajeros\/wp-content\/uploads\/2026\/01\/jmc-table.png","type":"","width":"","height":""}],"twitter_card":"summary_large_image","twitter_misc":{"Tiempo de lectura":"6 minutos"},"schema":{"@context":"https:\/\/schema.org","@graph":[{"@type":"WebPage","@id":"https:\/\/jmc.pe\/pasajeros\/mantenimiento-prepagado-jmc-gildemeister\/","url":"https:\/\/jmc.pe\/pasajeros\/mantenimiento-prepagado-jmc-gildemeister\/","name":"MANTENIMIENTO PREPAGADO JMC GILDEMEISTER | JMC Per\u00fa","isPartOf":{"@id":"https:\/\/jmc.pe\/pasajeros\/#website"},"primaryImageOfPage":{"@id":"https:\/\/jmc.pe\/pasajeros\/mantenimiento-prepagado-jmc-gildemeister\/#primaryimage"},"image":{"@id":"https:\/\/jmc.pe\/pasajeros\/mantenimiento-prepagado-jmc-gildemeister\/#primaryimage"},"thumbnailUrl":"https:\/\/jmc.pe\/pasajeros\/wp-content\/uploads\/2026\/01\/jmc-table.png","datePublished":"2026-01-22T21:08:14+00:00","dateModified":"2026-01-27T14:28:58+00:00","breadcrumb":{"@id":"https:\/\/jmc.pe\/pasajeros\/mantenimiento-prepagado-jmc-gildemeister\/#breadcrumb"},"inLanguage":"es","potentialAction":[{"@type":"ReadAction","target":["https:\/\/jmc.pe\/pasajeros\/mantenimiento-prepagado-jmc-gildemeister\/"]}]},{"@type":"ImageObject","inLanguage":"es","@id":"https:\/\/jmc.pe\/pasajeros\/mantenimiento-prepagado-jmc-gildemeister\/#primaryimage","url":"https:\/\/jmc.pe\/pasajeros\/wp-content\/uploads\/2026\/01\/jmc-table.png","contentUrl":"https:\/\/jmc.pe\/pasajeros\/wp-content\/uploads\/2026\/01\/jmc-table.png","width":568,"height":139},{"@type":"BreadcrumbList","@id":"https:\/\/jmc.pe\/pasajeros\/mantenimiento-prepagado-jmc-gildemeister\/#breadcrumb","itemListElement":[{"@type":"ListItem","position":1,"name":"Portada","item":"https:\/\/jmc.pe\/pasajeros\/"},{"@type":"ListItem","position":2,"name":"MANTENIMIENTO PREPAGADO JMC GILDEMEISTER"}]},{"@type":"WebSite","@id":"https:\/\/jmc.pe\/pasajeros\/#website","url":"https:\/\/jmc.pe\/pasajeros\/","name":"JMC Per\u00fa | Pasajeros","description":"El mejor aliado para tu negocio de transporte.","potentialAction":[{"@type":"SearchAction","target":{"@type":"EntryPoint","urlTemplate":"https:\/\/jmc.pe\/pasajeros\/?s={search_term_string}"},"query-input":{"@type":"PropertyValueSpecification","valueRequired":true,"valueName":"search_term_string"}}],"inLanguage":"es"}]}},"_links":{"self":[{"href":"https:\/\/jmc.pe\/pasajeros\/wp-json\/wp\/v2\/pages\/13481","targetHints":{"allow":["GET"]}}],"collection":[{"href":"https:\/\/jmc.pe\/pasajeros\/wp-json\/wp\/v2\/pages"}],"about":[{"href":"https:\/\/jmc.pe\/pasajeros\/wp-json\/wp\/v2\/types\/page"}],"author":[{"embeddable":true,"href":"https:\/\/jmc.pe\/pasajeros\/wp-json\/wp\/v2\/users\/11"}],"replies":[{"embeddable":true,"href":"https:\/\/jmc.pe\/pasajeros\/wp-json\/wp\/v2\/comments?post=13481"}],"version-history":[{"count":3,"href":"https:\/\/jmc.pe\/pasajeros\/wp-json\/wp\/v2\/pages\/13481\/revisions"}],"predecessor-version":[{"id":13686,"href":"https:\/\/jmc.pe\/pasajeros\/wp-json\/wp\/v2\/pages\/13481\/revisions\/13686"}],"wp:attachment":[{"href":"https:\/\/jmc.pe\/pasajeros\/wp-json\/wp\/v2\/media?parent=13481"}],"curies":[{"name":"wp","href":"https:\/\/api.w.org\/{rel}","templated":true}]}}